?
1
Let f = -6528 - -6616. Calculate the highest common factor of f and 1034.
22
Let v be 40*(72/(-20))/(-6). Suppose 0 = -2*i + 10. Suppose -i*f = 2*c - c - 835, -3*c = -5*f + 855. What is the highest common factor of f and v?
24
Let a = -3026 - -3133. What is the greatest common divisor of 6527 and a?
107
Let u = -37 - -64. Let d be (-90)/u*(-870)/25. What is the greatest common divisor of 203 and d?
29
Let i = 99 - 93. Suppose 5*o + l = 266, 4*o - 119 = -l + 93. Suppose 2*t = -t - y + o, 0 = 4*t + y - 72. What is the greatest common divisor of i and t?
6
Suppose -8*n = -2*r - 11*n + 4, 0 = 2*r + 5*n - 4. Suppose -3*h = -4*l - r - 2, 2*h = -5*l + 18. Calculate the greatest common divisor of h and 20.
4
Let a(p) = -204*p - 391. Let d be a(-4). What is the highest common divisor of d and 51?
17
Suppose 70*y - 145*y + 6375 = 0. What is the highest common factor of y and 51?
17
Suppose 0 = l - 12552 - 24923. Calculate the highest common divisor of l and 25.
25
Let n(q) = -4*q**3 + 2*q**2 + 2*q + 1. Let j be n(-1). Let r = -1786 - -1843. Suppose 34*l - 1417 = -r. Calculate the greatest common divisor of j and l.
5
Let j be (-2)/(-6)*26*15. Let p(u) = 50*u - 145. Let w be p(3). Let f be (w/(-3))/(70/(-1092)). What is the greatest common divisor of f and j?
26
Suppose -2*k - 3 - 10 = 5*r, 11 = 2*k - 3*r. Let a be k*6/48 - 382/(-16). Calculate the greatest common divisor of a and 30.
6
Let o be 349 - 4 - (10 - 11). What is the highest common divisor of o and 6055?
173
Suppose -k = -5*g + 276, -4*k = 31 - 47. Let q be (10/2)/(-1 + g/52). What is the greatest common divisor of 13 and q?
13
Suppose 10*u + 26*u = -2*u + 2850. Calculate the highest common factor of 245 and u.
5
Let c be 136/3 + 8/(-24). Suppose 0 = v - 5*k - 345, 372 = v - 9*k + 13*k. Calculate the greatest common factor of v and c.
45
Suppose -3*c = -4*m - 23, -4*c + 3*m + 25 - 6 = 0. Suppose 3*g - c - 8 = 0. Let j = 4760 - 4755. Calculate the greatest common factor of g and j.
1
Let s(z) = 3*z + 13. Let x be s(-2). Suppose -6 = 3*g - 153. Calculate the greatest common divisor of g and x.
7
Let j be 132/((364/(-65) + 6)/((-62)/(-10))). Calculate the greatest common factor of 264 and j.
66
Suppose 28*l = g + 27*l - 330, 3*g - 990 = -3*l. What is the greatest common divisor of g and 352?
22
Let o(x) = 13*x - 12*x + 3 - 4 + 6. Let p be o(4). Calculate the greatest common divisor of p and 3.
3
Suppose 88 = 2*d - 0*d. Let b = -37 + 69. Suppose 2*q + 5*w - b = 0, -32 = -3*q + 5*w - 9. What is the highest common factor of q and d?
11
Let x be (12 + 1)/(161/93219). What is the greatest common divisor of x and 39?
39
Let y be ((-10)/(-8))/((-16)/(-16 - 2672)). Calculate the greatest common factor of 150 and y.
30
Suppose 9*d + 13*d = 41*d - 152. What is the highest common divisor of d and 39224?
8
Let m be ((-34)/2)/(-2 + 1). Suppose -35*z + 9*z = 5*z. Suppose 3*y - 549 = -y - 5*l, -2*y - 3*l + 275 = z. What is the highest common divisor of y and m?
17
Let h be 214/(-14) + 15 + -2 + 310/7. What is the greatest common divisor of h and 1988?
14
Suppose 4*d - 262 = p - 0*p, -5*d - 2*p + 308 = 0. Let g be ((-1)/4)/((-1)/8). Calculate the greatest common factor of g and d.
2
Suppose -29 = 3*b + 16. Let k be 4 - -186*(-10)/b. Suppose -5*z + k = -52. Calculate the greatest common divisor of z and 90.
18
Let r be 3 - (0/9 + (0 - 0)). Suppose w - 215 = 3*o, -4*o + 669 = r*w - o. Calculate the highest common divisor of 17 and w.
17
Let q(f) = 159*f**2 - 2*f + 8. Let r be q(2). Let m = 1849 - r. Calculate the greatest common divisor of m and 39.
39
Suppose 0 = 563*g - 561*g - 58. Let f(b) = -b**3 - 16*b**2 + 30. Let n be f(-17). What is the greatest common divisor of n and g?
29
Let x = -12224 + 13280. Calculate the greatest common divisor of 3300 and x.
132
Let p = 552 + -345. Calculate the highest common factor of 23 and p.
23
Suppose 570*p = 202*p + 8832. Calculate the greatest common divisor of 132 and p.
12
Let f be 7627/6 + 54/(-27) - 2/12. Calculate the highest common factor of 8319 and f.
141
Let r = -4090 - -7323. Calculate the highest common factor of r and 122.
61
Suppose 492 = -5*u - 243. Let w = -117 - u. What is the greatest common factor of w and 18?
6
Let t(j) = -5*j**2 - 33*j + 9. Let m be t(-7). Let d be ((-64)/10)/(m/(100/8)). Calculate the greatest common divisor of 24 and d.
8
Suppose 99*p - 103*p = -5*u + 3488, 3*u + 5*p = 2115. What is the highest common factor of u and 1200?
100
Let f = -50 - -53. Let z be (-1)/(6 + (-21)/f). What is the highest common factor of z and 1?
1
Suppose 5*f + 19 - 59 = 0. Let l be 1/((-15)/(-96))*(-97820)/(-1168). What is the highest common divisor of f and l?
8
Suppose -4*w - 27 = -5*q, 5*q = -3*w + 37 + 4. Suppose 531 = -59*o + 1770. Calculate the highest common factor of q and o.
7
Let y(p) = 0*p + 31 + 6*p - 4*p + 0*p. Let v be y(-16). Let x be 70/(-28)*46*v. Calculate the highest common factor of x and 23.
23
Let y(o) = 3*o**2 + 70*o - 46. Let c be 304/(-12) + 1 + (-11)/(-33). Let l be y(c). What is the greatest common divisor of 62 and l?
2
Suppose -4*s = -4*f + 3*f + 118, f + 4*s = 158. Let j be (-195)/(-65) + 3 + 0. What is the highest common divisor of f and j?
6
Suppose -115*u = -118*u + 6, 0 = 2*q - 2*u - 920. Let o be 2/(-5) - (-1328)/20. What is the highest common factor of o and q?
66
Let f be 5/(-6) + (-754)/(-156). Suppose -5*l = -0*l - 15, -4*k = -f*l + 4. Calculate the greatest common factor of 16 and k.
2
Let v = -60 - -64. Suppose -5*m + 5*z - 9 = -4*m, -2*m + 14 = -2*z. Calculate the greatest common factor of m and v.
1
Let u = -8876 + 8944. What is the greatest common factor of u and 1972?
68
Suppose -n - u = -859, 0 = 3716*n - 3720*n + u + 3391. Calculate the highest common factor of 238 and n.
34
Let a = -8951 - -10246. What is the highest common factor of 280 and a?
35
Let j = -11364 + 11553. Calculate the highest common divisor of j and 2016.
63
Suppose -5*m - 5*w = -275, -312 + 337 = m - 4*w. What is the greatest common factor of 24 and m?
1
Suppose -4*v = 73*y - 77*y + 4908, 0 = -4*y + v + 4902. Calculate the highest common divisor of 147 and y.
49
Let s be (-194)/12 - (-1)/6. Let u be s*(1 + 54/(-8)). Suppose -5*h = -43 - u. What is the highest common divisor of h and 81?
27
Let u(q) = -7*q**2 + 70*q + 35. Let r be u(9). Suppose 0 = 2*p - 14. Calculate the greatest common factor of p and r.
7
Suppose -4*j + 4*c = -0*j + 36, -17 = 2*j - 3*c. Let b be ((-468)/30)/(3/j). Calculate the highest common divisor of b and 13.
13
Let m(q) = -5*q - 3. Let h be m(-5). Let y(w) = -1333*w + 269475. Let b be y(202). Calculate the greatest common divisor of b and h.
11
Let x = 208 - 346. Let g = x - -174. Calculate the highest common divisor of 12 and g.
12
Let h = -8007 + 25693. Calculate the highest common divisor of 239 and h.
239
Let o = -3371 + 4113. What is the highest common factor of 14 and o?
14
Let o(c) = c**2 + 49. Let x be o(0). Suppose -555*k + 9124 = -2531. What is the highest common factor of k and x?
7
Let x = 369 - 148. Suppose 0 = 4*d - 16, -3*c + 0*c - x = -2*d. Let k = -32 - c. What is the highest common factor of k and 3?
3
Let v be 414/12 + (-2)/(12/(-3)). Suppose 4*b - v = 61. Let d(r) = 3*r + 9. Let k be d(9). Calculate the highest common factor of k and b.
12
Let z be (-246)/(-15) + 6/10. Let b(g) = 3*g**2 - 1569*g - 28585. Let u be b(-18). What is the greatest common factor of u and z?
17
Suppose 5*c + 4*m - 6930 = 0, -3732 - 5970 = -7*c + 2*m. What is the greatest common factor of 1001 and c?
77
Let y(o) be the second derivative of -3*o**4/4 - 25*o**3/3 + 5*o**2/2 + 112*o + 1. Let j be y(-5). Calculate the highest common divisor of 110 and j.
10
Suppose 20 = 19*g - 37. Suppose -g*c = 5 - 11. Suppose -c*l = -w + 27, w + l = 33 + 6. Calculate the highest common factor of 7 and w.
7
Let w = -187 + 188. Let p be (-6)/(-2 - w) - 280/(-5). Suppose -3*j + 432 + 3 = 0. Calculate the highest common factor of p and j.
29
Suppose -242*p = -224*p - 21672. Calculate the highest common factor of 28 and p.
28
Let h = -36 - -31. Let i = h - -16. Suppose -3 = -2*z + 19. What is the greatest common factor of z and i?
11
Let n be (1 + 20/(-15))*-5379. Let w = 41 + -30. Let q be n/w + 0 + (-2 - 1). What is the greatest common divi